{"id":34,"date":"2013-01-18T05:05:01","date_gmt":"2013-01-18T03:05:01","guid":{"rendered":"http:\/\/dreamteam.fi\/dtpress\/?page_id=34"},"modified":"2013-01-18T05:05:01","modified_gmt":"2013-01-18T03:05:01","slug":"yhdistyksen-historia","status":"publish","type":"page","link":"http:\/\/dreamteam.fi\/dtpress\/?page_id=34","title":{"rendered":"Yhdistyksen Historia"},"content":{"rendered":"<p><a href=\"http:\/\/dreamteam.fi\/dtpress\/?attachment_id=35\" rel=\"attachment wp-att-35\"><img loading=\"lazy\" class=\"alignnone size-full wp-image-35\" alt=\"dt_1991\" src=\"http:\/\/dreamteam.fi\/dtpress\/wp-content\/uploads\/2013\/01\/dt_1991.jpg\" width=\"742\" height=\"589\" srcset=\"http:\/\/dreamteam.fi\/dtpress\/wp-content\/uploads\/2013\/01\/dt_1991.jpg 742w, http:\/\/dreamteam.fi\/dtpress\/wp-content\/uploads\/2013\/01\/dt_1991-300x238.jpg 300w, http:\/\/dreamteam.fi\/dtpress\/wp-content\/uploads\/2013\/01\/dt_1991-624x495.jpg 624w\" sizes=\"(max-width: 742px) 100vw, 742px\" \/><\/a><\/p>\n<p><strong>Historia<\/strong><\/p>\n<p>T\u00c4ST\u00c4 SE ALKOI TURUSSA 1987<\/p>\n<p>Vuoden 1987 kes\u00e4ll\u00e4 sain ensikosketuksen paintball:iin, tai siis silloiseen &#8220;spl\u00e4ttikseen&#8221;. Olin lomalla intist\u00e4 kaverini m\u00f6kill\u00e4, jossa oli kaksi splatmaster-asetta sek\u00e4 muut tarvikkeet. Siin\u00e4 sitten &#8220;pieness\u00e4 siev\u00e4ss\u00e4&#8221; aloimme pelata kaksintaisteluita uimahousut ainoina vaatteina&#8230; ja kuinkas k\u00e4vik\u00e4\u00e4n; heti ensimm\u00e4isess\u00e4 taistelussa sain osuman vasempaan k\u00e4sivarteeni, ja se SATTUI, oikeasti. Olin t\u00e4ysin myyty n\u00e4ille &#8220;spl\u00e4ttis-aseille&#8221;, sill\u00e4 tuskahan on suloista?<\/p>\n<p>Seuraavalla lomalla painuin ensit\u00f6ikseni ostoksille, koska pakkomielle oli vallannut minut. Siihen aikaan Turussa oli yksi liike, josta kyseisi\u00e4 vehkeit\u00e4 sai ostaa. Tarjolla oli vain legendaarisia vihreit\u00e4 muovisia SPLATMASTER-aseita. Hintaa kyseisell\u00e4 pakkauksella oli 620 markkaa, sis\u00e4lt\u00e4en aseen lis\u00e4ksi perinteiset &#8220;ty\u00f6mies&#8221; -malliset suojalasit. Hiilidioksidi-kapselit maksoivat silloin 6 markkaa ja v\u00e4ripallot maksoivat VAIN 2,80 markkaa \/ kappale. Pallot myytiin tuubeissa, joissa niit\u00e4 oli 10 kappaletta. Kun ostit nelj\u00e4 tuubia palloja, oli hinta &#8220;kohtuulliset&#8221; 100 markkaa. Jokainen voi vain kuvitella, ettei silloin paljoakaan turhia ammuskeltu! Sain my\u00f6s vanhemman pikkuveljeni hankkimaan &#8220;spl\u00e4ttis-kamat&#8221;, joten meit\u00e4 oli jo nelj\u00e4, jolla kullakin oli ase, ja pelit senkuin vaan suurenivat eli kaksi vastaan kaksi!<\/p>\n<p>Kev\u00e4\u00e4ll\u00e4 1988 saimme tietoomme, ett\u00e4 Espoossa toimi American Game -niminen liike, joka myi parempia aseita. Siisp\u00e4 puhelin k\u00e4teen ja tapaamista sopimaan. Americam Game toimi silloin Espoossa Soukanahde -nimisess\u00e4 l\u00e4hi\u00f6ss\u00e4 er\u00e4\u00e4n kerrostalon kellari-tiloihin tehdyss\u00e4 toimistossa. Paikan p\u00e4\u00e4ll\u00e4 saimme kahvia ja pullaa, sek\u00e4 melkein raamattua vaikuttavamman lehden: ACTION PURSUIT GAME:n. Silm\u00e4t py\u00f6riv\u00e4t p\u00e4\u00e4ss\u00e4 ja kuola valui suusta sit\u00e4 lukiessamme. Reilun puolen tunnin p\u00e4hk\u00e4ilyn ja Roman Jakiminskin suosittelun j\u00e4lkeen p\u00e4\u00e4dyin tilaamaan pumpputoimisen PMI PIRANHA -aseen 3,5 oz hiilidioksidipullolla ja 40 pallon panoss\u00e4ili\u00f6ll\u00e4. Olo oli kuin maailman omistajalla, vaikkakin lompakko oheni 2800 markan edest\u00e4. Kuukauden p\u00e4\u00e4st\u00e4 haimme tilaamamme aseet ja ostimme my\u00f6s &#8220;kunnon&#8221; maskit eli JT:n lasit, joissa oli suun ja nen\u00e4n peitt\u00e4v\u00e4 suojalevy. Palloja ostimme 50 tuubin laatikollisen, jolloin kappalehinnaksi j\u00e4i VAIN 1,40 markkaa. Ei muuta kun takaisin Turkuun pelej\u00e4 j\u00e4rkk\u00e4\u00e4m\u00e4\u00e4n&#8230;<\/p>\n<p>Teimme monisteita, joita levittelimme kouluihin ja nuorisotiloihin ja sit\u00e4 kautta rupesi yhteydenottoja tulemaan hitaasti mutta varmasti. Olimme saaneet Raision kaupungilta Huvilinnun legendaarisen mets\u00e4-alueen pelik\u00e4ytt\u00f6\u00f6mme, joka vuoteen 2000 asti palveli meit\u00e4 ja monia muita SM-liigan ja muiden turnausten merkeiss\u00e4. Oikein kunnolla pelit alkoivat oikeastaan vasta 1989 alkutalvesta, sill\u00e4 samana syksyn\u00e4 Turkuun aukesi Vihre\u00e4 Baretti -niminen liike, joka army-kaman lis\u00e4ksi myi &#8220;spl\u00e4ttis-kamoja&#8221;. A3 -kokoiset mainoksemme kyseisen liikkeen ovessa ja ikkunoissa siis tuottivat tulosta. Vuoden 1990 kes\u00e4n\u00e4 harrastajia alkoi olla viikonloppuisin parhaimmillaan jopa 60 henke\u00e4 ja pelit sen mukaisia. SAIRAAN MAKEETA!!! Vuosi pelailtiin, ja sen aikana pallon hinta tippui jo 0,90 markkaan, eik\u00e4 se tullut en\u00e4\u00e4 tuubeissa vaan pusseissa kuten t\u00e4n\u00e4kin p\u00e4iv\u00e4n\u00e4.<\/p>\n<p>Vuosi 1991 muutti lopullisesti el\u00e4m\u00e4mme &#8220;spl\u00e4ttiksen&#8221; suhteen, sill\u00e4 kasasimme innostuneimmista kavereista joukkueen ja l\u00e4hdimme ensimm\u00e4isiin kisoihimme. Kisat pidettiin Riihim\u00e4ell\u00e4 Lempivaara leirint\u00e4alueen maastossa. Kisat olivat American Game:n j\u00e4rjest\u00e4m\u00e4 SM-turnaus. Silloisen joukkueen koko oli 15 miest\u00e4. T\u00e4ll\u00f6in n\u00e4imme ensimm\u00e4ist\u00e4 kertaa KRONON ja PUOLIAUTOMAATTISET ASEET. Meill\u00e4 oli joukkueessamme 9 splatmasteria, 1 rapide ja 5 pumppuasetta, joten kyyti oli kylm\u00e4\u00e4 ja kovaa&#8230; Pelien j\u00e4lkeen: 4 tappiota ja 2 voittoa, mietimme miss\u00e4 meni vikaan. Vastaus oli yksiselitteinen: tarvitaan paremmat aseet ja systeemit! Ja siit\u00e4 alkoi loputon varustelu&#8230; Heti seuraavana p\u00e4iv\u00e4n\u00e4 tilasimme 25 kpl TIPPMANN 68 SPECIAL -puoliautomaattiasetta ja sen j\u00e4lkeen onkin &#8220;asevarustelusta&#8221; tullut pakkomielle. Kuten kaikki tiet\u00e4v\u00e4t, pit\u00e4isi jatkuvasti saada nopeampia ja tarkempia aseita&#8230;valitettavasti olemme sen itsekin huomanneet ja se kyll\u00e4 n\u00e4kyy ja tuntuu lompakossa.<\/p>\n<p>Harrastus on siis muuttunut 16 vuoden aikana TODELLA PALJON, mutta alkuper\u00e4inen hauskuus &#8220;pyssypelej\u00e4&#8221; kohtaan ei ole poistunut vaan p\u00e4invastoin jopa kasvanut. Olen seurannut Suomen paintball -historiaa hyvin l\u00e4helt\u00e4, sill\u00e4 olen vuodesta 1994, eli SM-liigan alusta asti, ollut enemm\u00e4n tai v\u00e4hemm\u00e4n mukana j\u00e4rjestelyiss\u00e4 sek\u00e4 tietysti pelaamassa. Parempaan suuntaan harrastus on koko ajan mennyt ja n\u00e4ytt\u00e4\u00e4 onneksi menev\u00e4nkin. Nyky\u00e4\u00e4n meill\u00e4 on lajiliitto takanamme ja paintball miellet\u00e4\u00e4n jo &#8220;kunnon&#8221; urheiluksikin niin maailmalla kuin meill\u00e4 Suomessakin. Hinnat, varsinkin pallojen suhteen, ovat laskeneet tuona aikana TODELLA PALJON, kun vuonna 1987 sai palloista maksaa 2,80 markkaa kappaleelta, niin vuonna 2003 pallon hinta on en\u00e4\u00e4 0,18 markkaa kappaleelta. Rahaa palloihin kuluu t\u00e4n\u00e4 p\u00e4iv\u00e4n\u00e4 kuitenkin yht\u00e4 paljon tai enemm\u00e4nkin, sill\u00e4 &#8220;m\u00e4\u00e4r\u00e4 tuntuu korvaavan laadun&#8221;. Yh\u00e4 useammat Suomalaiset joukkueet suuntaavat ulkomaille suuriin kansainv\u00e4lisiin kisoihin tavoittelemaan kultaa ja kunniaa, sek\u00e4 hyvi\u00e4 raha- \/ tavara-palkintoja. My\u00f6sk\u00e4\u00e4n ns. roolipelej\u00e4 \/ skenariopelej\u00e4k\u00e4\u00e4n ei onneksi ole unohdettu vaan niit\u00e4kin j\u00e4rjestet\u00e4\u00e4n muutamia suurempia vuosittain. Se on hyv\u00e4 asia, sill\u00e4 pelaaminen muussakin kuin kilpamieless\u00e4 on eritt\u00e4in hauskaa ja haastavaa.<\/p>\n<p>Enp\u00e4 olisi harrastukseni alkuaikoihin voinut kuvitellakaan mit\u00e4 kaikkea vuosien varrella on tapahtunut paintball:in saralla tai mit\u00e4 mahtaa tulla tapahtumaan seuraavan 16 vuoden aikana, mutta hauskaa ja haastellista on ollut. Se on p\u00e4\u00e4asia ja sen voin taata!!! Ei muuta kuin tsemppi\u00e4 kaikille paintball:sta kiinnostuneille ihmisille, sill\u00e4 voin omasta kokemuksesta sanoa, ett\u00e4 olette valinneet hienon, hyv\u00e4n ja hauskan harrastuksen.<\/p>\n<p>Raisiossa 05.01.2003<\/p>\n<p>Kai Siltala<br \/>\nPuheenjohtaja<br \/>\nDream Team ry<\/p>\n","protected":false},"excerpt":{"rendered":"<p>Historia T\u00c4ST\u00c4 SE ALKOI TURUSSA 1987 Vuoden 1987 kes\u00e4ll\u00e4 sain ensikosketuksen paintball:iin, tai siis silloiseen &#8220;spl\u00e4ttikseen&#8221;. Olin lomalla intist\u00e4 kaverini m\u00f6kill\u00e4, jossa oli kaksi splatmaster-asetta sek\u00e4 muut tarvikkeet. Siin\u00e4 sitten &#8220;pieness\u00e4 siev\u00e4ss\u00e4&#8221; aloimme pelata kaksintaisteluita uimahousut ainoina vaatteina&#8230; ja kuinkas k\u00e4vik\u00e4\u00e4n; heti ensimm\u00e4isess\u00e4 taistelussa sain osuman vasempaan k\u00e4sivarteeni, ja se SATTUI, oikeasti. Olin t\u00e4ysin myyty [&hellip;]<\/p>\n","protected":false},"author":1,"featured_media":0,"parent":28,"menu_order":1,"comment_status":"closed","ping_status":"closed","template":"","meta":[],"_links":{"self":[{"href":"http:\/\/dreamteam.fi\/dtpress\/index.php?rest_route=\/wp\/v2\/pages\/34"}],"collection":[{"href":"http:\/\/dreamteam.fi\/dtpress\/index.php?rest_route=\/wp\/v2\/pages"}],"about":[{"href":"http:\/\/dreamteam.fi\/dtpress\/index.php?rest_route=\/wp\/v2\/types\/page"}],"author":[{"embeddable":true,"href":"http:\/\/dreamteam.fi\/dtpress\/index.php?rest_route=\/wp\/v2\/users\/1"}],"replies":[{"embeddable":true,"href":"http:\/\/dreamteam.fi\/dtpress\/index.php?rest_route=%2Fwp%2Fv2%2Fcomments&post=34"}],"version-history":[{"count":1,"href":"http:\/\/dreamteam.fi\/dtpress\/index.php?rest_route=\/wp\/v2\/pages\/34\/revisions"}],"predecessor-version":[{"id":36,"href":"http:\/\/dreamteam.fi\/dtpress\/index.php?rest_route=\/wp\/v2\/pages\/34\/revisions\/36"}],"up":[{"embeddable":true,"href":"http:\/\/dreamteam.fi\/dtpress\/index.php?rest_route=\/wp\/v2\/pages\/28"}],"wp:attachment":[{"href":"http:\/\/dreamteam.fi\/dtpress\/index.php?rest_route=%2Fwp%2Fv2%2Fmedia&parent=34"}],"curies":[{"name":"wp","href":"https:\/\/api.w.org\/{rel}","templated":true}]}}